 - d + 1. Let m be 2*(2/12 - (-22)/(-6)). Give n(m).
8
Let m be (0 + -1)*(5 + -4). Suppose -4*r + 9 = -7. Let w(h) = -2*h - r + 4. Give w(m).
2
Let r(n) = -2*n + 4 + 2*n - 3 + n. Let m(v) = -7*v - 3. Let t(x) = -m(x) - 6*r(x). Calculate t(6).
3
Let m be 2/(-8) - (-2)/8. Let p(j) be the second derivative of -j**5/20 - j**4/12 - j**3/6 + j**2 - 4*j. Give p(m).
2
Let x be (-3)/(-4) + 2/8. Let p = x - 3. Let m = p + 6. Let h(a) = a - 7. Calculate h(m).
-3
Let w(x) = -2*x - 3*x**3 + 10*x + 4*x**3 + 6 + 6*x**2. Give w(-5).
-9
Let i(w) be the third derivative of -1/60*w**5 + 0 + w**3 - 5*w**2 + 0*w + 1/8*w**4. Calculate i(6).
-12
Let t(n) = 5*n**2 + 2*n - 2. Let m be t(1). Suppose 2*v + 3*f = 17, 0 = -m*v - f - f + 37. Let g(c) = -c**2 + 7*c - 8. What is g(v)?
-8
Let y(d) = 0*d**2 - 2 + d**2 + 1 + 5*d. Let r be (-5)/(-3) - 782/102. What is y(r)?
5
Let h(f) be the third derivative of f**6/120 + f**4/24 - 7*f**3/6 + 5*f**2. Let t be (-2)/11 + (-2)/(-11). Calculate h(t).
-7
Let d be -4 - 0/((-3)/(-1)). Let n(f) = f**3 + 4*f**2 - 2*f - 5. Calculate n(d).
3
Let m(s) = 4*s - 6*s - 3 + 4*s - s**2 + 3*s**2. Suppose -1 + 4 = -2*c - y, 0 = 4*c - 3*y - 9. Let k = c - -2. What is m(k)?
9
Let a be (-2)/4 - 0 - (-208)/32. Let t(h) = -h**3 + 6*h**2 + 2*h - 9. Calculate t(a).
3
Suppose i + 15 = -6*u + u, -2*u - 6 = -4*i. Let q be (u - -3)*1/1. Let c(g) = -g + 2. Give c(q).
2
Suppose 0 = -3*k + 2*k. Let g(a) be the third derivative of 0 + 0*a + 1/24*a**4 + 5/6*a**3 - 1/60*a**5 - 2*a**2. What is g(k)?
5
Let d(p) = 4*p**3 - 5*p**3 + 0*p**3 - 3*p**2 - 3*p. Suppose 0 = -2*n - 3*j - 1, n + 2 = -4*j + 4. Give d(n).
2
Let o = 24 + -40. Let k be (10/(-3))/(o/24). Let x(a) = a**3 - 5*a**2 - a. What is x(k)?
-5
Let n(p) = -p - 3. Let q be n(-2). Let a = q - -2. Suppose y - 1 = a. Let u(w) = w**2 - 4*w + 2. What is u(y)?
-2
Suppose -3*u = 4*q - 5*u, 0 = 2*q - 5*u + 16. Suppose 0*n = -q*n. Let i(y) = 2 + n + 1 - 2*y. Calculate i(-3).
9
Let r(u) = 17 + 13 - u**2 - 15 + 4. Determine r(0).
19
Let c(o) be the second derivative of o**3/6 + 3*o**2 - 36*o. Give c(8).
14
Let y(c) = 2*c - 6. Let z(g) = -g**3 + 6*g**2 + 4. Let u be z(6). What is y(u)?
2
Let j(o) be the second derivative of -o**4/12 - o**3 + o**2/2 + 67*o. Give j(-7).
-6
Let k(x) = -x + 7. Let t(m) = m - 7. Let o(n) = 3*k(n) + 4*t(n). Let y(f) = f - 7. Let i(a) = -5*o(a) + 4*y(a). What is i(6)?
1
Suppose -4*m - 14 + 2 = 0. Let j(f) = -5*f**2 - 5*f - 4. Let o(y) = -11*y**2 - 10*y - 8. Let d(p) = 9*j(p) - 4*o(p). Give d(m).
2
Let k(s) be the third derivative of -6*s**2 + 0 + 1/120*s**6 - s**3 - 1/15*s**5 + 0*s - 1/8*s**4. What is k(5)?
4
Let f(q) = -2*q**3 - 2*q**2 + q. Let u(m) = m**3 + m**2 + 1. Let h(x) = 2*f(x) + 2*u(x). Let v be (0 - (-1)/(-1)) + -1. What is h(v)?
6
Let j(s) = -3*s**2 - s + 1. Let v(m) = 5*m - 2 + 1 + 5 - 3*m. Let n be v(-3). Calculate j(n).
-9
Let c be (-3 + 4 - 2)*-10. Let z(f) = 1 + f**3 - 3*f**3 - 6*f**2 + 2*f - 3*f**2 + c*f**2. What is z(2)?
-7
Let u(p) = -8*p - 2 + 5 - 2. Let a(z) = -z**2 + 4*z - 2. Let s(i) = i**2 - 3*i + 3. Let d be s(3). Let x be a(d). What is u(x)?
-7
Let a(b) = -10*b**2 + 3*b. Let h(v) = -5*v**2 + 2*v. Let q(p) = 3*a(p) - 5*h(p). Give q(1).
-6
Let s(x) be the third derivative of x**8/20160 - x**7/1260 - x**6/144 - x**5/15 + 4*x**2. Let l(r) be the third derivative of s(r). Determine l(6).
7
Let d(y) = -y + 1. Suppose 3*j - 20 = -2*j. Let t = j - 2. Let o = 2 - t. Determine d(o).
1
Let y be ((-49)/7 - -5)*(-3 - 1). Let g(b) = b**2 - 4*b + 11. Let h(v) = v + 1. Let k(a) = -g(a) + 4*h(a). Determine k(y).
-7
Let o(w) = -2*w**2 - 7*w + 2. Let g(p) = -p**2 - 4*p + 1. Let m(d) = 5*g(d) - 2*o(d). Let l(i) = -i + 7. Let k be l(9). Let c be -10*((-3)/2 - k). What is m(c)?
6
Suppose 0 = -3*d + 5 + 4. Let x = -3 + d. Let l(t) = t + 5*t + x*t - 5*t. Determine l(5).
5
Let d(i) = -3*i**2. Let k(y) = -y**2 + y - 1. Let b(g) = -d(g) + 4*k(g). Let s be (-12)/(-14)*826/177. Give b(s).
-4
Suppose 38 = 7*m + 10. Let p(k) = k**2 - 6*k + 4. Determine p(m).
-4
Let x(d) = -d**3 - 6*d**2 - 5*d - 6. Let u be x(-5). Let o be 4/16 + (-11)/(-4). Let g(n) = 5*n**2 + 0*n**o + 2*n**2 - 13*n**2 - n**3 + 7. Give g(u).
7
Suppose -19 - 5 = -4*y. Let u(t) = -t + 3. Determine u(y).
-3
Let f be 7/(-14)*-10*1. Let c(p) = f*p + 3 + p - 2*p. Give c(-2).
-5
Let f(b) be the third derivative of b**6/120 + b**5/60 - b**4/24 + b**3/6 + 2*b**2. Calculate f(2).
11
Let c(p) = p**2 - 6*p + 3. Suppose 4*f + 25 - 5 = 0. Let d = f - -7. Calculate c(d).
-5
Let j(d) = d**3 + 3*d**2 + 2*d. Let c = -1 - -1. Suppose -5*y - 2*p = -20, 5*p - 38 = -2*y - 9. Suppose -3*v - y*v - 10 = c. What is j(v)?
0
Let q(v) be the second derivative of 0 + 2*v + 1/2*v**2 + 1/4*v**4 - 1/20*v**5 + 1/2*v**3. Give q(4).
-3
Let t(a) = -a**3 + 4*a**2 + 6*a + 4. Let m = -11 + 16. Determine t(m).
9
Let q(w) = -w**3 - 4*w**2 - 2*w - 4. Suppose 5 + 26 = -o + 5*s, -3*s = 5*o + 43. Let h = -15 - o. Calculate q(h).
4
Let r(j) = -j**2 + 8*j - 7. Let i = 4 + -1. Suppose 0*a + i*a = 18. Let o(y) = y**3 - 6*y**2 + y. Let f be o(a). What is r(f)?
5
Let a(d) = -d + 8. Let l = -8 + 17. Let x be l + (-6)/2*1. Calculate a(x).
2
Let r(b) = -b**2 - 10*b + 4. Let f be r(-10). Suppose -u + 5*v - f = -2*u, u - 4 = 2*v. Let z(h) be the second derivative of h**3/3 + h. Calculate z(u).
8
Let l(h) be the second derivative of h**4/12 + 4*h**3/3 + 3*h**2/2 + h. Let p be l(-8). Let i(o) = -p*o - 1 - 2 - 2. What is i(-4)?
7
Let j(g) = -2*g**2 - 23*g + 1. Let z(h) = h**2 + 11*h - 1. Let i(r) = 6*j(r) + 13*z(r). Determine i(-6).
-1
Let s = 4 + 2. Let f(r) = -2*r + 4*r + 3 - 4*r. Calculate f(s).
-9
Let j = -3 + 6. Let l(n) = n**3 - 8*n**2 + 7*n + 2. Let h be l(7). Let m(y) = -j - h - 2 - y + 3. Give m(-6).
2
Let b(y) = 5*y - 8. Let k(x) = -x + 1. Let u(l) = b(l) + 6*k(l). Calculate u(-6).
4
Let h = 10 + -4. Let n(d) = 1 - 8*d + h*d - 2*d. What is n(-2)?
9
Suppose 5*c - 14 = 16. Let y(t) = -2*t + 4. Give y(c).
-8
Suppose q + 2*u = -4 - 1, -2*q - u = 1. Let w(s) = 8*s**2 + 2*s - 1. What is w(q)?
9
Let t(a) = 2*a**2 + 4*a + 1. Let h = -80 - -77. Determine t(h).
7
Let d = 4 - 2. Suppose -3*a - d*a = 10. Let q(f) be the first derivative of f**2/2 - 5. Determine q(a).
-2
Let g be (0 - (1 + 2)) + 5. Let v(f) be the third derivative of 1/20*f**5 + 1/12*f**4 + 0*f + f**g + 0 + 1/120*f**6 + 1/2*f**3. What is v(-3)?
-3
Let k(c) = c - 9. Let m(s) = -4*s**2 - 10 - 2*s**2 - s**2 + 15*s. Let z(d) = 6*d**2 - 14*d + 10. Let b(r) = -5*m(r) - 6*z(r). Let t be b(7). Determine k(t).
-5
Let p be (3/(-6))/(2*-3). Let a(v) be the second derivative of 0 - 7/6*v**3 + 2*v**2 - v + p*v**4. Determine a(5).
-6
Let r(h) = -4*h - 23. Let d be 3 + -11 + 1*3. Let j(o) = 6*o + 34. Let m(g) = d*j(g) - 7*r(g). Calculate m(-6).
3
Suppose h = -3*h + 4. Let n(z) = -6*z**2 + 2*z - 2. Let p(g) be the first derivative of -g**3/3 - g + 1. Let y(o) = h*n(o) - 3*p(o). Give y(-1).
-4
Let a = 8 + -6. Let u(w) = 5 + w**2 - 2 - a*w**2 - 2 - 6*w. Let q be 99/(-21) + (-4)/14. Calculate u(q).
6
Let t(j) be the second derivative of 5/6*j**3 - j + 0 - 1/120*j**6 - 1/12*j**4 + 1/12*j**5 + j**2. Let x(p) be the first derivative of t(p). What is x(5)?
-5
Let u(w) = -5*w**3 + 2*w**2 - 2*w + 1. Suppose -4*m + 28 = -4*z, -3*m - 1 - 8 = 3*z. Let r = z - -6. Determine u(r).
-4
Let x = 9 - 10. Suppose 2*q + 0*o = o - 10, 3*o = -2*q + 6. Let k = x - q. Let g(z) = 2*z**3 - 3*z**2 + 3*z - 1. What is g(k)?
9
Let i(s) = -s**2 - 3*s + 2. Suppose 4 = -25*q + 29. What is i(q)?
-2
Let p(h) = -11*h**2 + 9*h - 19. Let v(t) = -5*t**2 + 4*t - 9. Let i(c) = 6*p(c) - 13*v(c). What is i(-4)?
-21
Let f(l) = -l**3 + 7*l**2 + 3*l - 4. Let x(y) = -2*y**3 + 13*y**2 + 5*y - 7. Let j(d) = -7*f(d) + 4*x(d). Give j(3).
-3
Let d(b) be the first derivative of -b**3/3 - 3*b**2 - b - 14. Calculate d(-5).
4
Let j(u) = -8 - u + 5 - 6. What is j(-8)?
-1
Suppose -15 = -5*q - 80. Let v = -9 - q. Let f(k) = 0*k - 5 - v*k - 3*k - k**2. What is f(-4)?
7
Let m(z) = z**2 - 3*z + 4. Suppose -2*t - 9 = 3. Let b(q) = -q - 2. Let h be b(t). Calculate m(h).
8
Let o(b) be the second derivative of -b**4/12 - 4*b**3/3 - 5*b**2/2 + 2*b - 7. Calculate o(-6).
7
Let x(g) be the second derivative of g**5/20 - g**4/2 + g**3/3 + g**2/2 - 9*g - 2. What is x(4)?
-23
Let y(r) = -2*r**2 - r. Suppose 11*t